hen t is divided by 7?
0
Let b(l) = -l**2 + 2*l + 134. Suppose -2*p + 7*p = 0, 5*s = p + 85. Calculate the remainder when b(0) is divided by s.
15
Let l = 2087 - 1973. What is the remainder when 335 is divided by l?
107
Let n = -292 + 470. Calculate the remainder when n is divided by 38.
26
Suppose -5*k + 1033 = -2*i, -4*i = 4*k + k - 1039. Calculate the remainder when k is divided by 18.
9
Let b(i) = 4*i**2 - 2*i + 4. Let f be b(3). Let a = -21 + f. Let n = -32 - -69. Calculate the remainder when n is divided by a.
11
Suppose 70 = 5*p - 905. Calculate the remainder when p is divided by 6.
3
Let l be (3/3)/((-2)/(-16)). Let y(d) = -d**2 + 16*d - 38. Calculate the remainder when 98 is divided by y(l).
20
Let l be (-1)/(-7) + 240/84 - -1. What is the remainder when 35 is divided by l + (-1 - -21) - (-3)/(-1)?
14
Suppose 4*z + 7*c = 3*c + 4, 0 = -2*z - 5*c + 2. Suppose z = -t + 2*f + 14, -4*t + f = -52. Calculate the remainder when -6*2*34/(-8) is divided by t.
12
Let d(q) = q**3 - q**2 - 4*q - 1. Let l be d(3). Suppose 3*r = -5*w + 7*r + 129, -5*r + 165 = l*w. Calculate the remainder when 55 is divided by w.
26
Suppose -4*s = 0, -2*s = m - 32 - 3. Suppose g - 44 + m = 0. Suppose -3*y - 3 = -81. Calculate the remainder when y is divided by g.
8
Let z = 12 + 15. Calculate the remainder when 211 is divided by z.
22
Let b(t) = -t**3 + 2*t**2 + 3. Let x be b(3). Let c = x + 93. Suppose 9 = 4*i - c. What is the remainder when i is divided by 13?
11
Suppose -18*o - o = -950. Calculate the remainder when o is divided by 1*((20 - 4) + 1).
16
What is the remainder when 113 is divided by -12 + 711/18 - 1/2?
5
Let h(a) = 2*a**2 - 6*a + 5. Let o be h(-5). Let g = o - 9. Calculate the remainder when g is divided by (-8 - (1 - 7))*(1 + -14).
24
Let t be 780/(-91) + 6/(-14). Let u = 9 + t. Suppose u = 3*j + 2*j - 30. Calculate the remainder when 10 is divided by j.
4
What is the remainder when 25/(-30) + 5 + (-10758)/(-36) is divided by 8?
7
Suppose -253 = -5*u - 2*d, -d + 2*d = -u + 50. Suppose -4*q + 38 = -3*i - 16, -3*q + u = 3*i. What is the remainder when 57 is divided by q?
12
Suppose -10*s - 16 = -6*s. Let l be (-20*3 - 0) + s. Let x = -42 - l. What is the remainder when 41 is divided by x?
19
Suppose -w = 3*f - 24 - 3, 2*w - 5*f = 21. Suppose -o = -5 - w. Calculate the remainder when o is divided by 13.
10
Let t = -58 + 56. What is the remainder when (1 + t)/((7 - 3)/(-664)) is divided by 24?
22
Suppose 4*h - 56 = 4. What is the remainder when 71 is divided by h?
11
Calculate the remainder when 93 is divided by ((-15)/20*2)/((-6)/108).
12
Let j be (70/4)/(-5)*-2. Let q = 10 - j. Calculate the remainder when 51 is divided by -1*q - 30*-1.
24
Let n = -2 - -6. Let u(w) = w**3 + w**2 - 4*w + 4. Calculate the remainder when u(n) is divided by 18.
14
Let m(w) = -7*w + 58. Calculate the remainder when 329 is divided by m(3).
33
What is the remainder when 368 is divided by (0 + 50)*3/2?
68
Suppose -3*h = -0*h + 51. Let g = 41 + h. Let i = -63 + 76. Calculate the remainder when g is divided by i.
11
Let n = -8 + 1. Let j = 11 + n. Suppose j*t - 89 = 75. Calculate the remainder when t is divided by 14.
13
Suppose 0*y = -7*y + 84. Let t = -7 + y. What is the remainder when 7 is divided by t?
2
Let j(a) = -3*a - 10. Let m be j(-5). Suppose m*g + 3*x + 3 - 264 = 0, -x - 3 = 0. What is the remainder when g is divided by 28?
26
Let c(i) = 7*i + 47. Let t be c(-7). Calculate the remainder when ((-19)/3)/((t + 0)/12) is divided by 10.
8
Let g be (8/(-10))/(2/(-10)). Suppose g*w = 3*w + 22. What is the remainder when 2/19 - 4839/(-57) is divided by w?
19
Let o = 40 + -33. Suppose o + 153 = 4*b - 3*u, 5*b = u + 189. What is the remainder when b is divided by 10?
7
Let c(l) = -5*l**3 - 4*l**2 + 2*l + 2. What is the remainder when c(-3) is divided by 16?
15
Let c be (-116)/(-14) + (-2)/7. Suppose c*r - 120 = 4*r. Let h = 69 - r. What is the remainder when h is divided by 21?
18
Let n(o) = 2*o + 9. Let a be (1 + 2)/(3/5). Calculate the remainder when n(a) is divided by 10.
9
Let u = -18 + 4. Let g be (12/u)/((-3)/168). Suppose -5*i = 2*b - g - 5, i + 3*b - 8 = 0. Calculate the remainder when 21 is divided by i.
10
Let o = -348 + 380. Calculate the remainder when 81 is divided by o.
17
Let f = -10 + 185. What is the remainder when f is divided by 15?
10
Let z = 290 + -294. Let g(m) be the first derivative of m**4/4 + 2*m**3 + 5*m**2/2 + m - 1. What is the remainder when 25 is divided by g(z)?
12
Let x = -13 + 21. Let n(z) = -z**3 - 1. Let p(f) = 12*f**2 + 2*f - 9. Let c(g) = n(g) + p(g). Calculate the remainder when c(12) is divided by x.
6
Calculate the remainder when 130 is divided by (27/(-6))/(1/(-6)).
22
What is the remainder when 25 is divided by 1*(-2 - -1)*-21?
4
Suppose -582 = -12*v - 42. Let y(h) = -h**3 + 7*h**2 - 4*h + 3. What is the remainder when v is divided by y(6)?
0
Suppose 3*j - 79 - 80 = 0. Let g = 115 - j. What is the remainder when g is divided by 13?
10
Let p be 1*(-2 + 3)*(-21)/(-3). Let f(r) = 17*r - 30. Calculate the remainder when f(p) is divided by 23.
20
Let p be (-16)/12*6/4. Let h(g) = g**2 + 7*g - 14. Calculate the remainder when (p/2)/(3/(-45)) is divided by h(-9).
3
Suppose -8*n + 136 = -8. What is the remainder when 24 is divided by n?
6
Let t(a) = 64*a**2 - 5*a + 4. Calculate the remainder when 306 is divided by t(1).
54
Let p(y) = 3*y + 152. Calculate the remainder when p(13) is divided by 24.
23
Suppose 0 = -y - 2*y + 36. Suppose 5*s - 6*s + 3*z + 21 = 0, 0 = s - 2*z - 25. Calculate the remainder when s is divided by y.
9
Let g(i) = i**2 - 16*i + 77. Calculate the remainder when g(13) is divided by 10.
8
Let x(t) = t**3 + 13*t**2 - 2*t + 8. What is the remainder when x(-13) is divided by 9?
7
Let k be -97*(-1 - 3)/4. Let v = k + -27. Calculate the remainder when v is divided by (-20)/30*(-57)/2.
13
Suppose -12 = -o + 3*g + 112, 0 = 4*o + 2*g - 426. Let q = 26 + o. Suppose 4*u - q = u. Calculate the remainder when u is divided by 16.
13
Let s = -72 + 74. What is the remainder when s/14 + -2 + (-1524)/(-14) is divided by 22?
19
Let v be 11/(55/8) + (-2)/(-5). Let z(c) be the first derivative of 3*c**4/4 - c**3/3 + c**2 - 3*c - 1. What is the remainder when 82 is divided by z(v)?
19
Suppose 0 = -4*u - 39 + 7. Let g = 25 - u. What is the remainder when g is divided by 9?
6
Suppose -4*q + 8*q - 20 = 0. Let d be 2 + (1 - 2)*-3. Suppose 159 = q*n - 5*g - 41, 2*g = -d*n + 235. Calculate the remainder when n is divided by 23.
22
Let k = 10 - 110. Let b = -55 - k. Calculate the remainder when b is divided by 12.
9
Suppose 8*s = 6*s + p + 400, 0 = -2*s + 2*p + 396. What is the remainder when s is divided by 51?
49
Suppose -69 = -17*l + 14*l. Calculate the remainder when 83 is divided by l.
14
Let t be (-90)/(-27)*18/(-10). Let i(k) = k. Let x(h) = 4*h - 3. Let y(q) = 2*i(q) - x(q). What is the remainder when 27 is divided by y(t)?
12
Let k(s) = 8*s + 114. Calculate the remainder when k(43) is divided by 58.
52
Let v = -9 - -14. Suppose 2*l = 7*l - v. What is the remainder when l - -1 - (2 - 14) is divided by 5?
4
Suppose 3*l = 4*b + 79, -12 = l - 4*b - 33. Calculate the remainder when 84 is divided by l.
26
Let r be (3 - 1) + -5 + 1. Suppose -5*y - 2*l + 107 = 0, -y + l = -l - 19. Calculate the remainder when 63 is divided by y + (-3 - -2) - r.
19
Suppose 5*n = -r + 28, 5*n - r = -0*r + 22. Suppose 23 + 17 = n*o + 5*b, -3*o - 8 = -5*b. What is the remainder when 8 is divided by o?
0
Let w = -8 + 7. Let d be -1 - 952/((-2)/w). What is the remainder when (d/(-36))/(2/16) is divided by 27?
25
Let q be 54/(-180) - 189/(-30). Let s(h) be the first derivative of -h**4/4 + 2*h**3 + h**2 + 4*h + 1. Calculate the remainder when 47 is divided by s(q).
15
Suppose -3*g - 4*n + 6 + 38 = 0, -2*g - n + 21 = 0. Let p be (-30)/(-16)*2*-44. Calculate the remainder when 8/10*p/(-6) is divided by g.
6
Suppose 2*i - r + 13 = -0*r, -2*r - 16 = 3*i. What is the remainder when 2*2*55/(-40)*i is divided by 7?
5
Let m(p) = 3*p + 9. Calculate the remainder when 89 is divided by m(0).
8
Suppose r - 6 = -37. Let d = r - -51. Calculate the remainder when 38 is divided by d.
18
Let v = -126 - -375. Calculate the remainder when v is divided by 14.
11
Suppose -7*t = -21*t + 22